alse
Is 283841671 composite?
False
Is 2545009 prime?
False
Is 15939037 composite?
True
Is 10445609 composite?
True
Is 1073052803 a prime number?
True
Is 6028537 a prime number?
True
Is 1719377 composite?
True
Is 9237443 a prime number?
False
Is 385395617 a composite number?
False
Is 3254461 a composite number?
True
Is 253601939 a prime number?
False
Is 157237277 composite?
False
Is 358829 prime?
True
Is 4033 composite?
True
Is 43506343 a prime number?
False
Is 14096707 composite?
True
Is 4172891 a prime number?
False
Is 496884403 prime?
True
Is 4590569 a prime number?
False
Is 224505097 a composite number?
True
Is 12663493 prime?
True
Is 30814741 prime?
False
Is 19242277 prime?
False
Is 79539127 prime?
False
Is 3541397 composite?
False
Is 32236253 prime?
False
Is 716969 prime?
False
Is 5853383 a composite number?
False
Is 5428519 a prime number?
True
Is 3797851 a composite number?
True
Is 7617109 a composite number?
False
Is 2166419 composite?
False
Is 22078543 a composite number?
False
Is 203065151 composite?
True
Is 68838599 a composite number?
False
Is 949451 composite?
False
Is 127223441 prime?
False
Is 1900813 prime?
True
Is 145354747 a composite number?
False
Is 12950507 prime?
False
Is 90829201 a prime number?
False
Is 49703933 prime?
False
Is 7946089 a prime number?
False
Is 1696033 a composite number?
False
Is 380425531 a composite number?
True
Is 18858377 prime?
True
Is 118493 composite?
False
Is 72204677 a composite number?
False
Is 35040001 a composite number?
False
Is 1736369 prime?
True
Is 118483151 a prime number?
False
Is 10898101 a composite number?
False
Is 34970927 composite?
False
Is 12640393 a composite number?
False
Is 368491 a composite number?
False
Is 64431797 a composite number?
False
Is 3091607 a prime number?
True
Is 43673843 a composite number?
False
Is 9476339 a prime number?
True
Is 639377 composite?
True
Is 24799067 a composite number?
False
Is 305733089 a prime number?
False
Is 1567549 a composite number?
False
Is 2243413 a composite number?
True
Is 20794913 a prime number?
False
Is 1072711 prime?
True
Is 138897131 prime?
False
Is 3429497 composite?
True
Is 191014757 a prime number?
False
Is 1205817 a composite number?
True
Is 251117 a composite number?
False
Is 15350471 prime?
False
Is 68277029 a composite number?
False
Is 23721289 a composite number?
True
Is 403597 a prime number?
False
Is 266759 prime?
True
Is 1634471 prime?
True
Is 133574401 prime?
True
Is 12121709 a composite number?
True
Is 2489077 prime?
True
Is 179041391 prime?
True
Is 27333583 composite?
False
Is 3342329 a composite number?
True
Is 35540311 composite?
True
Is 1356821 a composite number?
True
Is 325318367 a prime number?
False
Is 851861 a prime number?
False
Is 4213889 prime?
True
Is 10417259 a prime number?
True
Is 20275621 composite?
True
Is 3030581 composite?
False
Is 156443569 prime?
False
Is 51969055 composite?
True
Is 2059561 prime?
False
Is 4323743 a prime number?
True
Is 45563393 composite?
False
Is 60108137 composite?
False
Is 422771 a composite number?
True
Is 774137369 composite?
False
Is 37052021 a composite number?
False
Is 889631 composite?
False
Is 511443901 a prime number?
False
Is 14950787 a prime number?
False
Is 200091 a composite number?
True
Is 127171241 prime?
False
Is 7845641 composite?
False
Is 8544421 composite?
True
Is 116675035 composite?
True
Is 427670629 composite?
False
Is 583026907 a prime number?
True
Is 24369041 composite?
True
Is 1411411 a prime number?
True
Is 31816423 prime?
True
Is 64999639 a composite number?
True
Is 15463297 a prime number?
False
Is 91227121 a composite number?
False
Is 107197661 a composite number?
True
Is 15345433 composite?
False
Is 10072487 composite?
False
Is 365921 a composite number?
True
Is 134707071 composite?
True
Is 131157757 a composite number?
True
Is 4743691 a prime number?
True
Is 32273107 a composite number?
False
Is 379620533 prime?
True
Is 1478689 a prime number?
True
Is 198610717 prime?
True
Is 589873 composite?
False
Is 15533941 composite?
False
Is 3237287 prime?
True
Is 1913563 prime?
False
Is 4271327 a prime number?
True
Is 130937 a composite number?
True
Is 1124197 a composite number?
False
Is 434881 prime?
True
Is 462949499 composite?
True
Is 26668841 composite?
False
Is 44427773 a prime number?
False
Is 78020257 a composite number?
True
Is 3857459 prime?
True
Is 3990827 a composite number?
False
Is 198629 a composite number?
True
Is 25647869 a prime number?
False
Is 69459077 a prime number?
True
Is 2996263 a prime number?
True
Is 52432997 composite?
True
Is 831359 composite?
True
Is 19928999 prime?
True
Is 80361361 a prime number?
True
Is 30651301 a prime number?
True
Is 7030627 a prime number?
False
Is 285151151 prime?
True
Is 173270179 a composite number?
True
Is 37596761 composite?
False
Is 7112293 composite?
True
Is 6592745 a prime number?
False
Is 897033 a composite number?
True
Is 3997241 a prime number?
True
Is 101916413 prime?
True
Is 322945709 prime?
False
Is 6819977 a composite number?
False
Is 604435057 a prime number?
True
Is 17121205 composite?
True
Is 4136231 prime?
False
Is 30674857 composite?
False
Is 760889087 composite?
True
Is 330637 a composite number?
True
Is 779477 prime?
True
Is 1603487 prime?
False
Is 1483297 prime?
False
Is 96373859 prime?
False
Is 184177618 a composite number?
True
Is 60306053 composite?
False
Is 170604961 a prime number?
False
Is 60173669 a composite number?
False
Is 37263449 a composite number?
False
Is 76513 a prime number?
False
Is 15350327 prime?
False
Is 98892659 composite?
False
Is 1812207 composite?
True
Is 313879 prime?
True
Is 1801489 prime?
True
Is 256163 a prime number?
True
Is 425407 a prime number?
False
Is 1202959 prime?
True
Is 9557197 a prime number?
False
Is 1522354 composite?
True
Is 147559853 composite?
True
Is 1155726017 prime?
False
Is 5373689 a composite number?
False
Is 2369413 a composite number?
False
Is 497918131 a prime number?
False
Is 3180965 composite?
True
Is 79270069 a composite number?
True
Is 2449435 prime?
False
Is 46031651 a composite number?
True
Is 230326 a prime number?
False
Is 2026435 composite?
True
Is 45535927 prime?
True
Is 273433 composite?
False
Is 9560209 a composite number?
False
Is 447233 composite?
False
Is 1768211 a prime number?
False
Is 2651729 a composite number?
False
Is 5770834 composite?
True
Is 6757577 a prime number?
False
Is 28566077 composite?
True
Is 7142659 a prime number?
True
Is 87306667 a prime number?
False
Is 2045437 prime?
True
Is 7985009 composite?
False
Is 133544639 a composite number?
True
Is 813227 a composite number?
False
Is 7549423 composite?
True
Is 675029 composite?
False
Is 27545087 prime?
True
Is 1563637 prime?
False
Is 187024993 prime?
True
Is 36851729 composite?
False
Is 1709777 prime?
False
Is 6187537 a prime number?
True
Is 12470521 composite?
True
Is 356286973 a composite number?
True
Is 1078919 a prime number?
True
Is 7962527 a prime number?
True
Is 9809123 composite?
False
Is 34378051 a composite number?
True
Is 3015107 a composite number?
True
Is 30666683 a composite number?
True
Is 165684437 composite?
False
Is 154149767 prime?
True
Is 312362359 prime?
True
Is 4382921 a composite number?
False
Is 99317 composite?
False
Is 26564459 prime?
True
Is 13236239 a composite number?
False
Is 356351 a composite number?
False
Is 80328011 a prime number?
True
Is 25140062 a composite number?
True
Is 1638431 a composite number?
False
Is 4130261 composite?
False
Is 5074709 prime?
True
Is 110003501 composite?
True
Is 65285743 a composite number?
False
Is 100471249 prime?
True
Is 86450459 prime?
False
Is 12485761 composite?
True
Is 997771 prime?
False
Is 63466139 a prime number?
False
Is 86137451 prime?
False
Is 1674373 composite?
True
Is 1708331 prime?
False
Is 3486794 prime?
False
Is 27288803 prime?
True
Is 13365869 prime?
False
Is 18430571 composite?
False
Is 6072631 a prime number?
False
Is 26451379 a composite number?
True
Is 22470347 a composite number?
False
Is 142469 composite?
False
Is 1611421 a prime number?
False
Is 3455303 a composite number?
False
Is 94819847 a composite number?
False
Is 58441213 composite?
True
Is 16264321 a composite number?
True
Is 100025369 composite?
False
Is 8255963 composite?
False
Is 166105721 a compo